q**2 + 268848*q + 15863. Calculate l(-992).
-9
Let p(c) = -4*c**2 - 2750*c - 61913. Determine p(-23).
-779
Let f(y) = 21*y**2 - 372*y - 6083. What is f(28)?
-35
Let x(w) = 280*w + 25467. Calculate x(-90).
267
Let u(y) = -y**3 - 158*y**2 + 276*y - 33092. Give u(-161).
235
Let g(m) = -15310*m - 428692. What is g(-28)?
-12
Let a(y) = -y**3 - 60*y**2 + 484*y + 900. Give a(-67).
-105
Let o(d) = -d**3 - 554*d**2 + 14025*d - 3679. Calculate o(24).
-7
Let n(x) = -2*x**3 - 474*x**2 - 4*x + 25. What is n(-237)?
973
Let b(g) = -g**3 + 27*g**2 + 1079*g - 13. Give b(49).
36
Let d(y) = 15*y**2 + 1798*y - 498. What is d(-120)?
-258
Let z(n) = 4114*n - 28671. Calculate z(7).
127
Let i(s) = -4*s**2 + 582*s - 3885. Determine i(7).
-7
Let v(g) = -g**2 - 40*g + 732. Calculate v(16).
-164
Let d(x) = -347*x - 38062. Calculate d(-110).
108
Let u(l) = -7087*l + 680136. Give u(96).
-216
Let v(t) = 157*t - 14884. Give v(94).
-126
Let p(i) = -10*i**2 + 223*i + 15. Calculate p(-3).
-744
Let q(i) = 13441*i - 322599. Give q(24).
-15
Let y(d) = 2*d**3 - 61*d**2 + 304*d + 103. Calculate y(25).
828
Let d(j) = 18744*j + 243681. Give d(-13).
9
Let n(w) = -1277*w - 577195. Calculate n(-452).
9
Let l(r) = -213057*r + 1704464. What is l(8)?
8
Let u(k) = k**2 - 4878*k + 58367. What is u(12)?
-25
Let n(g) = 18*g**3 - 20*g**2 - 5*g + 68. Calculate n(-2).
-146
Let l(r) = -r**3 + 303*r**2 - 7247*r + 84. Give l(26).
-1086
Let c(v) = 854*v + 167371. Give c(-196).
-13
Let h(q) = -2*q**2 - 43*q + 631. Calculate h(10).
1
Let w(p) = 57385*p - 229270. Calculate w(4).
270
Let k(z) = z**2 - 38780*z - 8383915. What is k(-215)?
10
Let c(z) = 2*z**2 - 11846*z + 70889. Determine c(6).
-115
Let f(a) = 39*a - 2118. Determine f(66).
456
Let b(c) = -3418*c + 1476536. Give b(432).
-40
Let b(u) = -1506*u + 338874. Calculate b(225).
24
Let n(d) = -5*d**2 - 12994*d - 116529. Calculate n(-9).
12
Let c(m) = -m**3 - 2*m**2 + 266*m + 1511. Determine c(-6).
59
Let i(q) = 3*q**2 - 250*q - 1991. Determine i(92).
401
Let l(w) = -w**2 - 58*w + 14940. Determine l(97).
-95
Let k(h) = -627*h**2 + 78*h - 83. Calculate k(1).
-632
Let y(j) = -76*j + 7146. Calculate y(77).
1294
Let g(k) = 2961*k - 18811. Calculate g(6).
-1045
Let f(x) = 5867*x + 1390. Calculate f(0).
1390
Let t(y) = y**3 - 225*y**2 - 9678*y + 595. Determine t(-37).
3
Let l(o) = -4*o**3 - 243*o**2 - 188*o - 252. Calculate l(-60).
228
Let k(g) = 422*g - 15368. Calculate k(31).
-2286
Let v(p) = 139*p - 34512. Give v(247).
-179
Let x(g) = 5*g**3 + 91*g**2 + 14*g - 37. What is x(-18)?
35
Let t(z) = z**3 - 62*z**2 - 295*z + 2692. Determine t(65).
-3808
Let j(w) = -3652*w + 43661. What is j(12)?
-163
Let w(q) = 316*q**2 - 330544*q + 8376. Give w(1046).
8
Let n(j) = j**3 - 19*j**2 - 152*j + 15. Calculate n(25).
-35
Let g(i) = -43*i**2 - 505*i + 22. Determine g(-12).
-110
Let o(y) = y**3 - 3*y**2 - 578*y - 606. Calculate o(26).
-86
Let j(i) = 4*i**3 - 279*i**2 - 336*i - 1279. Give j(71).
70
Let c(s) = 2*s**3 + 33*s**2 + 309*s + 1415. Give c(-8).
31
Let j(q) = -q**3 - 39*q**2 + 518*q - 60. Give j(12).
-1188
Let h(n) = -n**3 - 327*n**2 + 1006*n + 5295. Give h(-330).
15
Let q(k) = k**2 + 15377*k + 19366313. Determine q(-1384).
1
Let o(i) = -2*i**3 + 19*i**2 - 30*i + 889. What is o(12)?
-191
Let f(x) = -x**3 + 16*x**2 - 46*x + 195. Give f(7).
314
Let p(r) = -5*r**2 + 1681*r + 70676. Determine p(374).
-10
Let i(b) = -5278*b + 190043. Determine i(36).
35
Let o(v) = 57*v + 869. What is o(-21)?
-328
Let c(k) = 5*k**3 + 2*k**2 + 78*k - 4. Give c(0).
-4
Let j(b) = 2*b**3 + 28*b**2 - 27*b - 50. Calculate j(-15).
-95
Let k(d) = -18438*d + 36877. What is k(2)?
1
Let c(t) = 92*t**2 + 71*t + 292. What is c(-4)?
1480
Let g(a) = 3*a**3 - 51*a**2 - 1135*a + 6579. Determine g(5).
4
Let z(g) = -g**3 - 8*g**2 + 34*g - 24. Calculate z(2).
4
Let b(m) = m**3 - 22*m**2 + 177*m - 5395. Determine b(24).
5
Let g(j) = -2*j**2 + 31*j + 50. What is g(13)?
115
Let a(b) = 2*b**3 - 3*b**2 + 78*b + 387. Determine a(-5).
-328
Let o(l) = -l**3 - 41*l**2 - 494*l - 1441. Give o(-18).
-1
Let x(z) = -5*z**2 + 447*z - 4488. Give x(79).
-380
Let g(b) = b**3 - 52*b**2 + 131*b - 112. What is g(49)?
-896
Let f(x) = -76406*x - 764045. What is f(-10)?
15
Let t(o) = -17330*o + 13950657. Determine t(805).
7
Let q(r) = -30*r**2 - 3549*r + 21315. Give q(6).
-1059
Let r(g) = -g**2 - 263*g - 15982. Determine r(-91).
-330
Let v(z) = z**3 - 732*z**2 - 5180*z + 5148. Calculate v(739).
-25
Let o(k) = 3243760*k + 16218806. Determine o(-5).
6
Let n(w) = 988268*w + 1976533. Calculate n(-2).
-3
Let o(r) = 22*r**3 + 151*r**2 - 47*r - 207. Give o(-6).
759
Let b(x) = x**3 - 21*x**2 + 161*x + 1946. Calculate b(-6).
8
Let w(z) = 39*z**2 + 856*z + 217. What is w(-22)?
261
Let o(t) = -5295*t**2 + 158841*t + 286. Calculate o(30).
16
Let o(h) = -2*h**2 + 4737*h + 33096. Determine o(-7).
-161
Let u(i) = 4*i**2 + 1115*i + 3570. Determine u(-277).
1631
Let y(w) = -10169*w - 91486. Determine y(-9).
35
Let v(w) = -157*w + 17895. Calculate v(115).
-160
Let b(k) = -k**2 - 54957*k - 549610. Calculate b(-10).
-140
Let y(o) = 4*o**2 - 407*o - 20685. Calculate y(-37).
-150
Let p(c) = 195*c**3 + 6*c**2 - 3*c + 2. What is p(1)?
200
Let u(k) = 26915*k + 188382. Give u(-7).
-23
Let j(m) = 13*m**3 - 637*m**2 + 6*m - 260. What is j(49)?
34
Let i(j) = 4*j**2 + 221*j + 1080. Determine i(-5).
75
Let n(z) = -z**3 - 1049*z**2 + 2243*z + 148192. Determine n(-1051).
1
Let v(m) = m**2 - 132*m + 919. Determine v(123).
-188
Let f(r) = 15*r**2 - 768*r + 6047. Calculate f(8).
863
Let a(h) = -h**2 - 13*h + 22559. Calculate a(-157).
-49
Let h(a) = 39*a**2 - 902*a + 123. Give h(23).
8
Let h(v) = 263*v**2 - 1842*v + 26. Determine h(7).
19
Let v(a) = 2595*a - 2294175. Determine v(884).
-195
Let v(z) = -z**3 - 4244*z**2 + 51074*z - 26. Give v(12).
-2
Let r(j) = -7961*j - 1241917. What is r(-156)?
-1
Let s(u) = -21014*u + 5463647. Calculate s(260).
7
Let b(i) = -2*i**3 - 25*i**2 - 1385*i - 26337. Calculate b(-19).
4671
Let z(i) = -309*i - 22787. Calculate z(-82).
2551
Let d(h) = -2*h**3 + 102*h**2 - 759*h + 119. What is d(42)?
-7
Let m(z) = 5*z**3 + 70*z**2 + 72*z + 43. Give m(-13).
-48
Let k(d) = 706*d - 32576. Give k(51).
3430
Let s(q) = 15*q**2 + 1579*q + 3498. Determine s(-103).
-4
Let u(o) = -o**3 + 37*o**2 - 169*o + 535. What is u(30)?
1765
Let x(v) = -12*v**3 + 19*v**2 + 286*v + 696. What is x(-3)?
333
Let j(d) = -d**3 + 31*d**2 - 158*d + 318. Give j(27).
-1032
Let v(o) = 2*o**2 + 145*o + 2143. What is v(-19)?
110
Let c(y) = 51*y**2 - 372*y + 2. Give c(8).
290
Let b(m) = m**3 + 32*m**2 - 138*m - 5396. Calculate b(-34).
-3016
Let b(y) = 34*y**2 - 266*y - 52. What is b(7)?
-248
Let f(l) = 13*l**2 - 905*l - 211. Calculate f(70).
139
Let l(f) = f**3 - 401*f**2 - 396*f - 2382. Give l(402).
30
Let b(l) = -87*l**2 - 2158*l + 468. What is b(-25)?
43
Let p(m) = -2*m**2 + 854*m - 4194. What is p(5)?
26
Let h(l) = 2746*l**2 + 19253*l + 378. Determine h(-7).
161
Let q(g) = -335112*g - 3686234. Give q(-11).
-2
Let b(t) = -2*t**3 + 802*t**2 - 3962*t - 1643. Determine b(396).
-2435
Let u(g) = 2*g**3 - 92*g**2 - 2*g + 375. What is u(46)?
283
Let a(n) = 1474*n - 23618. Give a(16).
-34
Let p(a) = -37487*a + 224437. Determine p(6).
-485
Let g(w) = 244*w + 12375. Give g(-51).
-69
Let n(c) = 38699*c + 696506. What is n(-18)?
-76
Let o(r) = 2855*r + 1456051. Determine o(-510).
1
Let z(j) = 3156*j - 407074. Calculate z(129).
50
Let n(h) = -4*h**3 + 214*h**2 + 796*h + 116. Determine n(57).
2
Let r(y) = -531*y - 113587. Give r(-214).
47
Let q(c) = -114*c - 8297. Determine q(-76).
367
Let j(f) = -f**2 - 128*f - 3466. Give j(-40).
54
Let p(m) = -4*m**2 + 39087*m - 10925281. Give p(288).
-1
Let v(i) = -74*i**2 - 2352*i + 2350. Determine v(1).
-76
Let s(h) = -50471*h - 656131. Give s(-13).
-8
Let w(y) = 18284*y - 127893. Give w(7).
95
Let k(w) = 32*w**2 - 2212*w + 244. What is k(69)?
-32
Let q(f) = -2*f**3 - 16*f**2 - 147*f - 1652. Determine q(-11).
691
Let i(m) = m**2 - 927*m - 43756. Determine i(-45).
-16
Let n(s) = -s**2 + 338*s + 20966. Calculate n(392).
-202
Let o(f) = 6*f**2 + f - 1370. Determine o(15).
-5
Let m(w) = -14*w**3 - 19*w**2 - 59*w - 40. Give m(-3).
344
Let y(k) = 280*k**3 + 30*k**2 - 26*k. Determine y(1).
284
Let t(i) = -15911*i - 1607015. Calculate t(-101).
-4
Let u(